{"version":"1.0","provider_name":"EXCLUSIVE GROUP","provider_url":"https:\/\/exclusivegroup.cafeblog.hu","author_name":"Exclusive Group","author_url":"https:\/\/exclusivegroup.cafeblog.hu\/author\/exclusive_group\/","title":"A M\u00e1rka \u00e1tka","html":"<h3>Mi is az a m\u00e1rka? Egy n\u00e9v, kifejez\u00e9s, jel, szimb\u00f3lum, design vagy ezek kombin\u00e1ci\u00f3ja. C\u00e9lja, hogy adott elad\u00f3 vagy elad\u00f3k adott csoportj\u00e1nak term\u00e9keit vagy szolg\u00e1ltat\u00e1sait azonos\u00edtsa \u00e9s megk\u00fcl\u00f6nb\u00f6ztesse \u0151ket a versenyt\u00e1rsak\u00e9t\u00f3l. Ma m\u00e1r minden m\u00e1rk\u00e1zhat\u00f3, \u00e9s mindent m\u00e1rk\u00e1znak is, \u00e9s hogy mi\u00e9rt? Most ezeket a k\u00fcl\u00f6nleges tulajdons\u00e1gokat fogjuk sorra venni, hogy mi\u00e9rt van az, hogy a leghomog\u00e9nebb term\u00e9keket\/szolg\u00e1ltat\u00e1sokat is felruh\u00e1zz\u00e1k valamilyen m\u00e1rkan\u00e9vvel.<\/h3>\r\n<p>&nbsp;<\/p>\r\n<p><img class=\"imgnotext open-in-modal aligncenter\" src=\"http:\/\/m.blog.hu\/ex\/exclusivegroup\/image\/fullsizeoutput_75.jpeg\" alt=\"fullsizeoutput_75.jpeg\" width=\"402\" height=\"430\" \/><\/p>\r\n<p>El\u0151sz\u00f6r is besz\u00e9lj\u00fck meg milyen <strong>m\u00e1rkafajt\u00e1k\u00a0<\/strong>l\u00e9teznek:\u2028<br \/><strong>Generikus m\u00e1rka<\/strong>, m\u00e1rkan\u00e9v n\u00e9lk\u00fcli term\u00e9k.<br \/><strong>Term\u00e9km\u00e1rka<\/strong>, egyedi term\u00e9ket, vagy term\u00e9kv\u00e1ltozatokat jel\u00f6l, p\u00e9ld\u00e1ul Jar mosogat\u00f3szer.<br \/><strong>V\u00e1llalati m\u00e1rka<\/strong>, a gy\u00e1rt\u00f3 \u00e1ltal el\u0151\u00e1ll\u00edtott term\u00e9keket, vagy term\u00e9kcsoportokat jel\u00f6l, p\u00e9ld\u00e1ul, Exclusive Group.<br \/><strong>Fed\u0151m\u00e1rka<\/strong>, a v\u00e1llalati m\u00e1rkan\u00e9v \u00e9s a term\u00e9km\u00e1rka kombin\u00e1ci\u00f3ja, p\u00e9ld\u00e1ul Exclusive Clening Service.<br \/><strong>T\u00e1mogat\u00f3, vagy k\u00f6z\u00f6s m\u00e1rka<\/strong>, t\u00f6bb v\u00e1llalati m\u00e1rkan\u00e9v egy\u00fcttes alkalmaz\u00e1sa, p\u00e9ld\u00e1ul ha egy TV csatorna egy film k\u00e9sz\u00edt\u0151 st\u00fadi\u00f3val egy\u00fctt dolgozik, akkor egy\u00fcttesen haszn\u00e1lj\u00e1k majd a nev\u00fcket.<br \/><strong>Kereskedelmi m\u00e1rka<\/strong>, csak egyes kereskedelmi, vagy \u00e1ruh\u00e1zl\u00e1ncokban \u00e9rt\u00e9kes\u00edtik, p\u00e9ld\u00e1ul a Tesco saj\u00e1t m\u00e1rk\u00e1j<\/p>\r\n<p><strong>De mi is a m\u00e1rka szerepe?\u00a0<\/strong>Ugye a term\u00e9k az, amit a gy\u00e1rt\u00f3 gy\u00e1rt, de a m\u00e1rka az, amit a fogyaszt\u00f3 megfog v\u00e1s\u00e1rolni. A m\u00e1rk\u00e1val cs\u00f6kkentheted az <strong>\u00e1rrugalmass\u00e1got<\/strong>, hiszen neked az a j\u00f3, ha a fogyaszt\u00f3d rugalmatlan, mert akkor \u00e1remel\u00e9sn\u00e9l sem fog lev\u00e1ltani t\u00e9ged. <strong>Megk\u00fcl\u00f6nb\u00f6ztet\u00a0<\/strong>a versenyt\u00e1rsakt\u00f3l, h\u0171s\u00e9get gener\u00e1l, ha a vev\u0151d m\u00e1rkah\u0171, \u00e9s nem m\u00e1rkav\u00e1logat\u00f3. Ha a term\u00e9keidet b\u0151v\u00edten\u00e9d, sokkal egyszer\u0171bb helyzetbe leszel, hiszen nagyobb es\u00e9llyel fogj\u00e1k kipr\u00f3b\u00e1lni az \u00faj term\u00e9kedet, amelyet ugyan azon a m\u00e1rkan\u00e9vvel dobt\u00e1l a piacra. A kereskedelemmel szemben <strong>alkupoz\u00edci\u00f3t jelenthet.<\/strong><\/p>\r\n<p>A m\u00e1rk\u00e1nak a <strong>legf\u0151bb funkci\u00f3ja<\/strong>, hogy azonos\u00edt t\u00e9ged, <strong>m\u00e1rka asszoci\u00e1ci\u00f3t\u00a0<\/strong>tudsz el\u00e9rni, ami ha szerencs\u00e9s helyzetben vagy, akkor a pozit\u00edv gondolatok lesznek. <strong>\u00c1lland\u00f3 min\u0151s\u00e9get\u00a0<\/strong>garant\u00e1l, ami nem egyenl\u0151 azzal, hogy kiv\u00e1l\u00f3 min\u0151s\u00e9get ny\u00fajtasz, csak a fogyaszt\u00f3d pontosan tudja, hogy a megv\u00e1s\u00e1rolt term\u00e9k\u00e9rt cser\u00e9be mit fog kapni. <strong>Orient\u00e1lja a fogyaszt\u00f3t<\/strong>, hiszen \u00edg\u00e9reted ad neki, \u00e9s \u00e9rt\u00e9ket k\u00f6zvet\u00edt, valamilyen \u00fczenetet hordoz mag\u00e1val.<br \/>Illetve seg\u00edt kialak\u00edtani a kapcsolatot a fogyaszt\u00f3val,<strong>\u201cbar\u00e1ts\u00e1got ad\u201d<\/strong>neki. Hiszen a rekl\u00e1mokban az \u00fczenetek seg\u00edts\u00e9g\u00e9vel tudsz a c\u00e9lcsoportoddal kommunik\u00e1lni, \u00edgy ha \u0151 megv\u00e1s\u00e1rolja a term\u00e9ked, \u00fagy \u00e9rzi, hogy a csoportod tagj\u00e1v\u00e1 v\u00e1lt. Van egy \u00e1bra, melynek neve, LOVEMARKS. Ennek seg\u00edts\u00e9g\u00e9vel el tudod d\u00f6nteni, hogy a te m\u00e1rk\u00e1d hova tartozik. Term\u00e9szetesen mindenkinek a v\u00e1gya\/c\u00e9lja, hogy a <strong>szeretett m\u00e1rka\u00a0<\/strong>kateg\u00f3ri\u00e1ban legyen. A modell 4 csoportra bontja a m\u00e1rk\u00e1kat, k\u00e9t t\u00e9nyez\u0151 alapj\u00e1n, <strong>az elismer\u00e9s, \u00e9s a szeretet\u00a0<\/strong>szempontjai szerint. <br \/>Ha a term\u00e9kedet elismerik, de nem annyira nagyon szeretik akkor a <strong>\u201cBRAND\u201d<\/strong>(m\u00e1rka) kateg\u00f3ri\u00e1ba tartozol.<br \/>Ha nem is ismerik el a term\u00e9kedet, \u00e9s nem is annyira szeretik akkor a <strong>\u201cPRODUCTS\u201d<\/strong>(term\u00e9kek) csoportj\u00e1ban vagy.<br \/>Ha nagyon szeretik a term\u00e9kedet, de nem annyira ismerik el (ilyenek szoktak lenni a h\u00f3bort, divat \u00e1ruk, amelyekkel nagyon nagy sz\u00e9llel bet\u00f6rnek a piacra, majd p\u00e1r h\u00f3napon bel\u00fcl lecsengenek), akkor a <strong>\u201cFADS\u201d<\/strong>(divatok) r\u00e9szben toporogsz, ahonnan kit\u00f6rni nem igaz\u00e1n, vagy nagyon nehezen lehet.<br \/>Ha szeretik a term\u00e9kedet, \u00e9s el is ismerik akkor gratul\u00e1lunk\u00a0<strong>\u201cLOVEMARKS\u201d<\/strong>vagy! Ez a kateg\u00f3ria biztons\u00e1got ad a fogyaszt\u00f3nak, hiszen k\u00f6t\u0151dik hozz\u00e1d, biztosan van a m\u00e1rk\u00e1ddal kapcsolatban egy t\u00f6rt\u00e9nete is. Az ilyen fogyaszt\u00f3k nagyon nehezen v\u00e1lnak meg a szeretett term\u00e9k\u00fckt\u0151l, \u00fagy hogy mindenkit arra buzd\u00edtok, hogy t\u00f6rekedjen erre. Fontos azt lesz\u00f6gezni, hogy ha MA a szeretett m\u00e1rka kateg\u00f3ri\u00e1ban \u00e9lvezed a napot, az nem biztos, hogy holnap is ott leszel, hiszen ezek a viszonyok nagyon gyorsan v\u00e1ltozhatnak. Mindennap tenned kell az\u00e9rt, hogy ez \u00edgy maradjon, <strong>folyamatos munk\u00e1t ig\u00e9nyel.<\/strong><\/p>\r\n<p>A legnagyobb \u00e1tka a m\u00e1rk\u00e1nak az, hogy ha egyszer valamit rosszul csin\u00e1lsz a <strong>vev\u0151id elp\u00e1rtolnak<\/strong>. Akkor is azonos\u00edt, de a negat\u00edv \u00e9lm\u00e9nnyel, az \u00f6sszes funkci\u00f3ja meg marad, de mind mind negat\u00edv asszoci\u00e1ci\u00f3t hordoz majd. Ha nem figyelsz \u00f6r\u00f6kre megpecs\u00e9telheted a m\u00e1rka nevedet. A v\u00e1llalatok ez\u00e9rt szoktak t\u00f6bb m\u00e1rkan\u00e9vvel is dolgozni, hogy ha az egyik bebukik <strong>legyen B megold\u00e1s<\/strong>. \u00d6sszegz\u00e9sk\u00e9ppen pedig annyit, hogy amiket itt le\u00edrtam minden k\u00e9tf\u00e9le k\u00e9ppen s\u00fclhet el, ez\u00e9rt nagyon oda kell figyelni a m\u00e1rka \u00e9p\u00edt\u00e9s sor\u00e1n!<\/p>\r\n<p>Nektek mi a v\u00e9lem\u00e9nyetek err\u0151l? Van szeretett m\u00e1rk\u00e1tok? \u00cdrj\u00e1tok meg kommentbe!<\/p>\r\n<p><strong>Ha tetszett a bejegyz\u00e9s, \u00e9s m\u00e9g t\u00f6bb tartalmat szeretn\u00e9l t\u0151l\u00fcnk akkor k\u00f6vess minket!<\/strong><br \/><strong><a href=\"https:\/\/www.facebook.com\/pg\/exclusivegroup2009\/posts\/\">Facebookon<\/a><\/strong><br \/><strong><a href=\"https:\/\/www.instagram.com\/exclusive.group.2009\/?hl=hu\">Instagramon<\/a><\/strong><br \/><strong><a href=\"http:\/\/exclusivegroup.hu\/\">Weboldalon<\/a><\/strong><\/p>","type":"rich"}

A Márka átka

<h3>Mi is az a márka? Egy név, kifejezés, jel, szimbólum, design vagy ezek kombinációja. Célja, hogy adott eladó vagy eladók adott csoportjának termékeit vagy szolgáltatásait azonosítsa és megkülönböztesse őket a versenytársakétól. Ma már minden márkázható, és mindent márkáznak is, és hogy miért? Most ezeket a különleges tulajdonságokat fogjuk sorra venni, hogy miért van az, hogy a leghomogénebb termékeket/szolgáltatásokat is felruházzák valamilyen márkanévvel.</h3>
<p>&nbsp;</p>
<p><img class="imgnotext open-in-modal aligncenter" src="http://m.blog.hu/ex/exclusivegroup/image/fullsizeoutput_75.jpeg" alt="fullsizeoutput_75.jpeg" width="402" height="430" /></p>
<p>Először is beszéljük meg milyen <strong>márkafajták </strong>léteznek: <br /><strong>Generikus márka</strong>, márkanév nélküli termék.<br /><strong>Termékmárka</strong>, egyedi terméket, vagy termékváltozatokat jelöl, például Jar mosogatószer.<br /><strong>Vállalati márka</strong>, a gyártó által előállított termékeket, vagy termékcsoportokat jelöl, például, Exclusive Group.<br /><strong>Fedőmárka</strong>, a vállalati márkanév és a termékmárka kombinációja, például Exclusive Clening Service.<br /><strong>Támogató, vagy közös márka</strong>, több vállalati márkanév együttes alkalmazása, például ha egy TV csatorna egy film készítő stúdióval együtt dolgozik, akkor együttesen használják majd a nevüket.<br /><strong>Kereskedelmi márka</strong>, csak egyes kereskedelmi, vagy áruházláncokban értékesítik, például a Tesco saját márkáj</p>
<p><strong>De mi is a márka szerepe? </strong>Ugye a termék az, amit a gyártó gyárt, de a márka az, amit a fogyasztó megfog vásárolni. A márkával csökkentheted az <strong>árrugalmasságot</strong>, hiszen neked az a jó, ha a fogyasztód rugalmatlan, mert akkor áremelésnél sem fog leváltani téged. <strong>Megkülönböztet </strong>a versenytársaktól, hűséget generál, ha a vevőd márkahű, és nem márkaválogató. Ha a termékeidet bővítenéd, sokkal egyszerűbb helyzetbe leszel, hiszen nagyobb eséllyel fogják kipróbálni az új termékedet, amelyet ugyan azon a márkanévvel dobtál a piacra. A kereskedelemmel szemben <strong>alkupozíciót jelenthet.</strong></p>
<p>A márkának a <strong>legfőbb funkciója</strong>, hogy azonosít téged, <strong>márka asszociációt </strong>tudsz elérni, ami ha szerencsés helyzetben vagy, akkor a pozitív gondolatok lesznek. <strong>Állandó minőséget </strong>garantál, ami nem egyenlő azzal, hogy kiváló minőséget nyújtasz, csak a fogyasztód pontosan tudja, hogy a megvásárolt termékért cserébe mit fog kapni. <strong>Orientálja a fogyasztót</strong>, hiszen ígéreted ad neki, és értéket közvetít, valamilyen üzenetet hordoz magával.<br />Illetve segít kialakítani a kapcsolatot a fogyasztóval,<strong>“barátságot ad”</strong>neki. Hiszen a reklámokban az üzenetek segítségével tudsz a célcsoportoddal kommunikálni, így ha ő megvásárolja a terméked, úgy érzi, hogy a csoportod tagjává vált. Van egy ábra, melynek neve, LOVEMARKS. Ennek segítségével el tudod dönteni, hogy a te márkád hova tartozik. Természetesen mindenkinek a vágya/célja, hogy a <strong>szeretett márka </strong>kategóriában legyen. A modell 4 csoportra bontja a márkákat, két tényező alapján, <strong>az elismerés, és a szeretet </strong>szempontjai szerint. <br />Ha a termékedet elismerik, de nem annyira nagyon szeretik akkor a <strong>“BRAND”</strong>(márka) kategóriába tartozol.<br />Ha nem is ismerik el a termékedet, és nem is annyira szeretik akkor a <strong>“PRODUCTS”</strong>(termékek) csoportjában vagy.<br />Ha nagyon szeretik a termékedet, de nem annyira ismerik el (ilyenek szoktak lenni a hóbort, divat áruk, amelyekkel nagyon nagy széllel betörnek a piacra, majd pár hónapon belül lecsengenek), akkor a <strong>“FADS”</strong>(divatok) részben toporogsz, ahonnan kitörni nem igazán, vagy nagyon nehezen lehet.<br />Ha szeretik a termékedet, és el is ismerik akkor gratulálunk <strong>“LOVEMARKS”</strong>vagy! Ez a kategória biztonságot ad a fogyasztónak, hiszen kötődik hozzád, biztosan van a márkáddal kapcsolatban egy története is. Az ilyen fogyasztók nagyon nehezen válnak meg a szeretett terméküktől, úgy hogy mindenkit arra buzdítok, hogy törekedjen erre. Fontos azt leszögezni, hogy ha MA a szeretett márka kategóriában élvezed a napot, az nem biztos, hogy holnap is ott leszel, hiszen ezek a viszonyok nagyon gyorsan változhatnak. Mindennap tenned kell azért, hogy ez így maradjon, <strong>folyamatos munkát igényel.</strong></p>
<p>A legnagyobb átka a márkának az, hogy ha egyszer valamit rosszul csinálsz a <strong>vevőid elpártolnak</strong>. Akkor is azonosít, de a negatív élménnyel, az összes funkciója meg marad, de mind mind negatív asszociációt hordoz majd. Ha nem figyelsz örökre megpecsételheted a márka nevedet. A vállalatok ezért szoktak több márkanévvel is dolgozni, hogy ha az egyik bebukik <strong>legyen B megoldás</strong>. Összegzésképpen pedig annyit, hogy amiket itt leírtam minden kétféle képpen sülhet el, ezért nagyon oda kell figyelni a márka építés során!</p>
<p>Nektek mi a véleményetek erről? Van szeretett márkátok? Írjátok meg kommentbe!</p>
<p><strong>Ha tetszett a bejegyzés, és még több tartalmat szeretnél tőlünk akkor kövess minket!</strong><br /><strong><a href="https://www.facebook.com/pg/exclusivegroup2009/posts/">Facebookon</a></strong><br /><strong><a href="https://www.instagram.com/exclusive.group.2009/?hl=hu">Instagramon</a></strong><br /><strong><a href="http://exclusivegroup.hu/">Weboldalon</a></strong></p>
