{"version":"1.0","provider_name":"EXCLUSIVE GROUP","provider_url":"https:\/\/exclusivegroup.cafeblog.hu","author_name":"Exclusive Group","author_url":"https:\/\/exclusivegroup.cafeblog.hu\/author\/exclusive_group\/","title":"Public Relations","html":"<h3>A nyilv\u00e1noss\u00e1g pozit\u00edv hozz\u00e1\u00e1ll\u00e1sa nagyban hozz\u00e1j\u00e1rulhat egy v\u00e1llalat, m\u00e1rka, szervezet vagy \u00e9pp egy szem\u00e9ly \u00fczleti sikereihez. A j\u00f3 PR szakember meg\u00e9rt\u00e9st \u00e9s bizalmat \u00e9p\u00edt ki \u00e9s \u00e1pol a nyilv\u00e1noss\u00e1ggal. A PR egyik kulcsmondata: T\u00e9gy j\u00f3t \u00e9s besz\u00e9lj r\u00f3la, de ha baj van, orvosold a bajt \u00e9s besz\u00e9lj r\u00f3la, hogyan orvosoltad!<\/h3>\r\n<p>&nbsp;<\/p>\r\n<p><img class=\"imgnotext open-in-modal aligncenter\" src=\"https:\/\/exclusivegroup.cafeblog.hu\/files\/2019\/10\/2e9bf730-b387-4a3e-869a-1b84297dfd9d_1_201_a.jpeg\" alt=\"2e9bf730-b387-4a3e-869a-1b84297dfd9d_1_201_a.jpeg\" width=\"327\" height=\"436\" \/><\/p>\r\n<p>\u00a0A <strong>Public Relations tev\u00e9kenys\u00e9g<\/strong> egyenl\u0151 a demokratikus t\u00e1rsadalmakba m\u0171k\u00f6d\u0151 szervezetek \u00e9s k\u00f6rnyezet\u00fck k\u00f6z\u00f6tti k\u00e9tir\u00e1ny\u00fa kommunik\u00e1ci\u00f3 tudatok megteremt\u00e9s\u00e9vel, ir\u00e1ny\u00edt\u00e1s\u00e1val, szervez\u00e9s\u00e9vel. A PR c\u00e9lja \u00e9s feladata, hogy el\u0151seg\u00edtse az egy\u00e9nek, a csoportok, a szervezetek \u00e9s k\u00f6rnyezet\u00fck k\u00f6z\u00f6tti k\u00f6lcs\u00f6n\u00f6s el\u0151ny\u00f6k\u00f6n alapul\u00f3 kapcsolatokat, a meg\u00e9rt\u00e9st \u00e9s a <strong>bizalom kialakul\u00e1s\u00e1t<\/strong>. Viszont a PR nemcsak egy tev\u00e9kenys\u00e9g, de magatart\u00e1sforma, <strong>gondolkod\u00e1sm\u00f3d<\/strong> is. A ny\u00edlts\u00e1g, a k\u00f6zl\u00e9sv\u00e1gy, a k\u00f6zv\u00e9lem\u00e9ny el\u0151tti pozit\u00edv megjelen\u00e9s, az \u0151szintes\u00e9g, a bizalom attit\u0171dje. Tal\u00e1n ezt a tev\u00e9kenys\u00e9get \u00fagy lehet a legjobban szeml\u00e9ltetni, mint <strong>egy h\u00eddon l\u00e9v\u0151 tolm\u00e1cs<\/strong>. A h\u00edd egyik v\u00e9g\u00e9b\u0151l megy az \u00fczenet, a tolm\u00e1cs ezt leford\u00edtja, majd a h\u00eddon kereszt\u00fcl \u00e9rkezik a visszacsatol\u00e1s is, \u00e9s a PR ezt fel\u00fcgyeli, kontroll alatt tartja.<\/p>\r\n<p>A <strong>PR feladata<\/strong>, az egy\u00e9nek, a szervezetek \u00e9s a k\u00f6rnyezet\u00fck k\u00f6z\u00f6tti kommunik\u00e1ci\u00f3s kapcsolatok elemz\u00e9se, kommunik\u00e1ci\u00f3s programok tervez\u00e9se, kivitelez\u00e9se, \u00e9rt\u00e9kel\u00e9se. Ennek eszk\u00f6zei a <strong>sajt\u00f3k\u00f6zlem\u00e9nyek<\/strong> a besz\u00e9dek, szemin\u00e1riumok, \u00e9ves besz\u00e1mol\u00f3k, esetleg j\u00f3t\u00e9kony c\u00e9l\u00fa adom\u00e1nyoz\u00e1sok. Teljesen mindegy, hogy mit haszn\u00e1l fel \u00e9ppen a v\u00e1llalat, vagy hogy mit tesz, a l\u00e9nyeg mindig az, hogy a nagy k\u00f6z\u00f6ns\u00e9g fel\u00e9 ez le legyen kommunik\u00e1lva, \u00e9s ami enn\u00e9l is fontosabb, hogy azt j\u00f3l, <strong>profi szinten legyen v\u00e9gre hajtva.<\/strong><\/p>\r\n<p>Abban k\u00fcl\u00f6nb\u00f6zik ez mondjuk a marketingt\u0151l, hogy a marketingnek egyetlen c\u00e9lja van, az elad\u00e1s, ezzel szemben a PR pedig a <strong>bizalom \u00e9p\u00edt\u00e9sr\u0151l<\/strong> sz\u00f3l. A PR egy strat\u00e9giai eszk\u00f6z, amely egy k\u00e9toldal\u00fa kapcsolat. A menedzsment munka r\u00e9sze is lehet, \u00e9s a szervezet \u00e9s a k\u00f6z\u00e9rdeket tartja szem el\u0151tt. M\u00edg ezzel szemben mondjuk a rekl\u00e1m egy taktikai eszk\u00f6z, amely egy egyoldal\u00fa kapcsolat, nem besz\u00e9lve arr\u00f3l, hogy a rekl\u00e1mok sor\u00e1n a fogyaszt\u00f3k csak inform\u00e1ci\u00f3k t\u00f6red\u00e9k\u00e9hez juthatnak hozz\u00e1.<\/p>\r\n<p><strong>Na de kib\u0151l is lehet j\u00f3 PR-es?<\/strong> Nem gondolom, hogy minden szem\u00e9lyis\u00e9g alkalmas lenne erre a feladatra, mert persze fel\u00fcletesen mindenki tal\u00e1n el tudn\u00e1 v\u00e9gezni, de csak kev\u00e9s emberb\u0151l v\u00e1lhat j\u00f3 szakember! Ami a legfontosabb a <strong>szakmai tud\u00e1s<\/strong>, melyet csak tanul\u00e1s \u00fatj\u00e1n tudunk elsaj\u00e1t\u00edtani, \u00edgy aki nem szeret tanulni m\u00e1ris kiesett a j\u00e1t\u00e9kb\u00f3l. Nagyon fontos, mivel ez a szakma javar\u00e9szt a kapcsolatokr\u00f3l sz\u00f3l, hogy j\u00f3 <strong>emberismer\u0151<\/strong> legyen az illet\u0151, illetve j\u00f3 kapcsolatteremt\u0151 k\u00e9pess\u00e9gekkel rendelkezzen. \u00c1ltal\u00e1ban a legt\u00f6bb szakm\u00e1n\u00e1l elv\u00e1rhat\u00f3 szempont, de itt k\u00fcl\u00f6n\u00f6sen fontos, hogy j\u00f3 <strong>kommunik\u00e1ci\u00f3s<\/strong> k\u00e9szs\u00e9gnek legyen birtok\u00e1ban az illet\u0151. Legyen kreat\u00edv, de elemz\u0151 gondolkod\u00e1s\u00fa, illetve k\u00e9pes legyen aktiviz\u00e1lni, befoly\u00e1solni, <strong>mozg\u00f3s\u00edtani t\u00f6megeket<\/strong>.<\/p>\r\n<p>Nektek hogy tetszett ez a r\u00e9sz? Ti szeretn\u00e9tek PR szakemberek lenni? \u00cdrj\u00e1tok meg kommentbe!<\/p>\r\n<p><strong>Ha tetszett a bejegyz\u00e9s, \u00e9s m\u00e9g t\u00f6bb tartalmat szeretn\u00e9l t\u0151l\u00fcnk akkor k\u00f6vess minket!<\/strong><\/p>\r\n<p><strong><a href=\"https:\/\/www.facebook.com\/pg\/exclusivegroup2009\/posts\/\">Facebookon<\/a><\/strong><br \/><strong><a href=\"https:\/\/www.instagram.com\/exclusive.group.2009\/?hl=hu\">Instagramon<\/a><\/strong><br \/><strong><a href=\"http:\/\/exclusivegroup.hu\/\">Weboldalon<\/a><\/strong><\/p>","type":"rich"}

<h3>A nyilvánosság pozitív hozzáállása nagyban hozzájárulhat egy vállalat, márka, szervezet vagy épp egy személy üzleti sikereihez. A jó PR szakember megértést és bizalmat épít ki és ápol a nyilvánossággal. A PR egyik kulcsmondata: Tégy jót és beszélj róla, de ha baj van, orvosold a bajt és beszélj róla, hogyan orvosoltad!</h3>
<p>&nbsp;</p>
<p><img class="imgnotext open-in-modal aligncenter" src="https://exclusivegroup.cafeblog.hu/files/2019/10/2e9bf730-b387-4a3e-869a-1b84297dfd9d_1_201_a.jpeg" alt="2e9bf730-b387-4a3e-869a-1b84297dfd9d_1_201_a.jpeg" width="327" height="436" /></p>
<p> A <strong>Public Relations tevékenység</strong> egyenlő a demokratikus társadalmakba működő szervezetek és környezetük közötti kétirányú kommunikáció tudatok megteremtésével, irányításával, szervezésével. A PR célja és feladata, hogy elősegítse az egyének, a csoportok, a szervezetek és környezetük közötti kölcsönös előnyökön alapuló kapcsolatokat, a megértést és a <strong>bizalom kialakulását</strong>. Viszont a PR nemcsak egy tevékenység, de magatartásforma, <strong>gondolkodásmód</strong> is. A nyíltság, a közlésvágy, a közvélemény előtti pozitív megjelenés, az őszinteség, a bizalom attitűdje. Talán ezt a tevékenységet úgy lehet a legjobban szemléltetni, mint <strong>egy hídon lévő tolmács</strong>. A híd egyik végéből megy az üzenet, a tolmács ezt lefordítja, majd a hídon keresztül érkezik a visszacsatolás is, és a PR ezt felügyeli, kontroll alatt tartja.</p>
<p>A <strong>PR feladata</strong>, az egyének, a szervezetek és a környezetük közötti kommunikációs kapcsolatok elemzése, kommunikációs programok tervezése, kivitelezése, értékelése. Ennek eszközei a <strong>sajtóközlemények</strong> a beszédek, szemináriumok, éves beszámolók, esetleg jótékony célú adományozások. Teljesen mindegy, hogy mit használ fel éppen a vállalat, vagy hogy mit tesz, a lényeg mindig az, hogy a nagy közönség felé ez le legyen kommunikálva, és ami ennél is fontosabb, hogy azt jól, <strong>profi szinten legyen végre hajtva.</strong></p>
<p>Abban különbözik ez mondjuk a marketingtől, hogy a marketingnek egyetlen célja van, az eladás, ezzel szemben a PR pedig a <strong>bizalom építésről</strong> szól. A PR egy stratégiai eszköz, amely egy kétoldalú kapcsolat. A menedzsment munka része is lehet, és a szervezet és a közérdeket tartja szem előtt. Míg ezzel szemben mondjuk a reklám egy taktikai eszköz, amely egy egyoldalú kapcsolat, nem beszélve arról, hogy a reklámok során a fogyasztók csak információk töredékéhez juthatnak hozzá.</p>
<p><strong>Na de kiből is lehet jó PR-es?</strong> Nem gondolom, hogy minden személyiség alkalmas lenne erre a feladatra, mert persze felületesen mindenki talán el tudná végezni, de csak kevés emberből válhat jó szakember! Ami a legfontosabb a <strong>szakmai tudás</strong>, melyet csak tanulás útján tudunk elsajátítani, így aki nem szeret tanulni máris kiesett a játékból. Nagyon fontos, mivel ez a szakma javarészt a kapcsolatokról szól, hogy jó <strong>emberismerő</strong> legyen az illető, illetve jó kapcsolatteremtő képességekkel rendelkezzen. Általában a legtöbb szakmánál elvárható szempont, de itt különösen fontos, hogy jó <strong>kommunikációs</strong> készségnek legyen birtokában az illető. Legyen kreatív, de elemző gondolkodású, illetve képes legyen aktivizálni, befolyásolni, <strong>mozgósítani tömegeket</strong>.</p>
<p>Nektek hogy tetszett ez a rész? Ti szeretnétek PR szakemberek lenni? Írjátok meg kommentbe!</p>
<p><strong>Ha tetszett a bejegyzés, és még több tartalmat szeretnél tőlünk akkor kövess minket!</strong></p>
<p><strong><a href="https://www.facebook.com/pg/exclusivegroup2009/posts/">Facebookon</a></strong><br /><strong><a href="https://www.instagram.com/exclusive.group.2009/?hl=hu">Instagramon</a></strong><br /><strong><a href="http://exclusivegroup.hu/">Weboldalon</a></strong></p>
